t of 543455202?
5
What is the ten millions digit of 4555661453?
5
What is the hundred thousands digit of 6430917934?
9
What is the ten millions digit of 689789526?
8
What is the tens digit of 42944317?
1
What is the thousands digit of 25993733?
3
What is the hundred millions digit of 1246587688?
2
What is the hundred thousands digit of 312618046?
6
What is the ten millions digit of 452665081?
5
What is the units digit of 581583988?
8
What is the ten thousands digit of 445219388?
1
What is the hundred thousands digit of 68646255?
6
What is the millions digit of 1504752657?
4
What is the ten thousands digit of 132752?
3
What is the millions digit of 92892711?
2
What is the millions digit of 12521709?
2
What is the ten millions digit of 346200341?
4
What is the ten millions digit of 703060788?
0
What is the hundreds digit of 2618143700?
7
What is the thousands digit of 1224766296?
6
What is the units digit of 2752288154?
4
What is the hundred millions digit of 208827221?
2
What is the tens digit of 499501641?
4
What is the hundreds digit of 300913862?
8
What is the millions digit of 43136356?
3
What is the hundred thousands digit of 567415071?
4
What is the millions digit of 1915825773?
5
What is the thousands digit of 1068305590?
5
What is the thousands digit of 180946693?
6
What is the hundred thousands digit of 36511302?
5
What is the ten thousands digit of 119608233?
0
What is the millions digit of 93677366?
3
What is the thousands digit of 122424663?
4
What is the tens digit of 235702499?
9
What is the ten thousands digit of 9841743?
4
What is the hundred millions digit of 1971409220?
9
What is the tens digit of 71738978?
7
What is the millions digit of 448044503?
8
What is the millions digit of 2890594089?
0
What is the hundreds digit of 4202701737?
7
What is the units digit of 33700269?
9
What is the millions digit of 33897021?
3
What is the tens digit of 259343946?
4
What is the hundred thousands digit of 166064883?
0
What is the ten thousands digit of 178769532?
6
What is the hundred millions digit of 154752585?
1
What is the tens digit of 235651773?
7
What is the hundreds digit of 234888838?
8
What is the billions digit of 1381409455?
1
What is the tens digit of 972851543?
4
What is the units digit of 19627520?
0
What is the tens digit of 15705245?
4
What is the ten millions digit of 59532538?
5
What is the hundreds digit of 1132241?
2
What is the hundred thousands digit of 48607790?
6
What is the ten millions digit of 1959311094?
5
What is the units digit of 3258700383?
3
What is the ten millions digit of 31128120?
3
What is the hundred millions digit of 216093574?
2
What is the hundreds digit of 1178598988?
9
What is the ten millions digit of 1088321600?
8
What is the billions digit of 2336837779?
2
What is the tens digit of 299226873?
7
What is the hundred millions digit of 180531752?
1
What is the hundred thousands digit of 41810784?
8
What is the units digit of 937263682?
2
What is the units digit of 3639984135?
5
What is the ten thousands digit of 86012334?
1
What is the thousands digit of 4408589252?
9
What is the hundred millions digit of 971739637?
9
What is the thousands digit of 211508537?
8
What is the hundreds digit of 75033495?
4
What is the hundred thousands digit of 153151953?
1
What is the hundred thousands digit of 47041853?
0
What is the hundred millions digit of 896718432?
8
What is the millions digit of 3703420314?
3
What is the hundred millions digit of 192656981?
1
What is the tens digit of 697327477?
7
What is the hundreds digit of 68114008?
0
What is the hundreds digit of 12768503?
5
What is the hundreds digit of 239815695?
6
What is the hundreds digit of 152987342?
3
What is the millions digit of 86057322?
6
What is the hundred thousands digit of 130493778?
4
What is the hundreds digit of 4759780698?
6
What is the units digit of 49556834?
4
What is the units digit of 158132381?
1
What is the hundred millions digit of 127619471?
1
What is the thousands digit of 80008241?
8
What is the thousands digit of 41152218?
2
What is the hundred millions digit of 198969643?
1
What is the ten thousands digit of 264784103?
8
What is the ten millions digit of 5319952348?
1
What is the hundred millions digit of 6406837876?
4
What is the tens digit of 40738621?
2
What is the hundred thousands digit of 14708960?
7
What is the tens digit of 10176190?
9
What is the hundred millions digit of 1435373640?
4
What is the ten thousands digit of 42287276?
8
What is the thousands digit of 43697862?
7
What is the hundreds digit of 29438682?
6
What is the ten millions digit of 199464983?
9
What is the units digit of 148677099?
9
What is the millions digit of 94572870?
4
What is the hundred millions digit of 325655435?
3
What is the tens digit of 6371608517?
1
What is the thousands digit of 835007685?
7
What is the thousands digit of 79404142?
4
What is the ten thousands digit of 430224731?
2
What is the tens digit of 992628742?
4
What is the hundreds digit of 42235627?
6
What is the ten millions digit of 660218141?
6
What is the hundred thousands digit of 825744137?
7
What is the millions digit of 44375234?
4
What is the thousands digit of 100677993?
7
What is the ten millions digit of 696182099?
9
What is the ten thousands digit of 58019400?
1
What is the ten millions digit of 1253621716?
5
What is the hundreds digit of 19146128?
1
What is the units digit of 20550607?
7
What is the hundreds digit of 4083274275?
2
What is the ten millions digit of 585224855?
8
What is the thousands digit of 17499855?
9
What is the units digit of 70723830?
0
What is the ten thousands digit of 36111529?
1
What is the tens digit of 28942419?
1
What is the millions digit of 6568947998?
8
What is the units digit of 465535706?
6
What is the units digit of 2149499473?
3
What is the ten thousands digit of 8080209441?
0
What is the tens digit of 114677306?
0
What is the hundred thousands digit of 141047581?
0
What is the ten millions digit of 889091309?
8
What is the thousands digit of 1836294416?
4
What is the ten thousands digit of 26631280?
3
What is the billions digit of 1108879519?
1
What is the millions digit of 31964634?
1
What is the hundred thousands digit of 115315825?
3
What is the units digit of 440675354?
4
What is the thousands digit of 900032744?
2
What is the ten thousands digit of 49267777?
6
What is the hundred thousands digit of 4748545855?
5
What is the tens digit of 5835666090?
9
What is the hundreds digit of 143339747?
7
What is the millions digit of 73308372?
3
What is the millions digit of 1381453071?
1
What is the ten thousands digit of 312330407?
3
What is the ten millions digit of 41424946?
4
What is the millions digit of 18838014?
8
What is the units digit of 761523678?
8
What is the units digit of 249501049?
9
What is the ten millions digit of 325417219?
2
What is the units digit of 26810258?
8
What is the ten millions digit of 287060718?
8
What is the tens digit of 217324894?
9
What is the tens digit of 175910090?
9
What is the millions digit of 111820725?
1
What is the millions digit of 3574112926?
4
What is the thousands digit of 80242706?
2
What is the ten millions digit of 17936280?
1
What is the ten thousands digit of 181840157?
4
What is the hundreds digit of 3016314995?
9
What is the millions digit of 326592449?
6
What is the tens digit of 17190443?
4
What is the ten millions digit of 18452220?
1
What is the ten thousands digit of 8951689?
5
What is the millions digit of 89663194?
9
What is the tens digit of 320807559?
5
What is the hundred thousands digit of 37191286?
1
What is the ten thousands digit of 21890380?
9
What is the units digit of 1117381186?
6
What is the hundred thousands digit of 206492191?
4
What is the hundreds digit of 139481653?
6
What is the ten thousands digit of 16520512?
2
What is the ten millions digit of 460940940?
6
What is the hundred thousands digit of 2954795838?
7
What is the hundreds digit of 706220578?
5
What is the ten thousands digit of 5412436906?
3
What is the hundred millions digit of 921436463?
9
What is the hundreds digit of 5075711997?
9
What is the thousands digit of 4407818612?
8
What is the ten thousands digit of 845548462?
4
What is the ten millions digit of 1668621764?
6
What is 